16 is divided by 336?
328
What is the remainder when 7320720 is divided by 1681?
1646
Calculate the remainder when 611145 is divided by 3393.
405
What is the remainder when 25015 is divided by 45?
40
What is the remainder when 976697 is divided by 1084?
13
Calculate the remainder when 23760085 is divided by 67.
9
Calculate the remainder when 80020 is divided by 447.
7
What is the remainder when 8383064 is divided by 1393?
1383
What is the remainder when 142455584 is divided by 2800?
2784
What is the remainder when 5735572 is divided by 82?
0
Calculate the remainder when 35440394 is divided by 1183.
80
Calculate the remainder when 25158694 is divided by 2328.
2326
Calculate the remainder when 2986175 is divided by 877.
867
What is the remainder when 46556 is divided by 279?
242
What is the remainder when 14965417 is divided by 82?
7
What is the remainder when 1003608 is divided by 721?
697
What is the remainder when 31192099 is divided by 111?
100
What is the remainder when 850139 is divided by 42506?
19
What is the remainder when 1806339 is divided by 270?
39
What is the remainder when 169322771 is divided by 155?
151
Calculate the remainder when 39910 is divided by 9019.
3834
What is the remainder when 2003136 is divided by 55642?
24
Calculate the remainder when 25557439 is divided by 5.
4
What is the remainder when 29580429 is divided by 55707?
12
What is the remainder when 53615650 is divided by 5361565?
0
What is the remainder when 262527 is divided by 1875?
27
What is the remainder when 4421500 is divided by 2407?
2248
What is the remainder when 1966 is divided by 1167?
799
What is the remainder when 243643 is divided by 471?
136
What is the remainder when 78366 is divided by 3493?
1520
Calculate the remainder when 231277757 is divided by 9260.
9257
What is the remainder when 495454 is divided by 99055?
179
What is the remainder when 642782625 is divided by 1644?
1641
Calculate the remainder when 1833084 is divided by 602.
596
What is the remainder when 146284 is divided by 700?
684
What is the remainder when 798961 is divided by 16?
1
Calculate the remainder when 18664742 is divided by 855.
92
Calculate the remainder when 881441944 is divided by 462.
460
What is the remainder when 4078011 is divided by 3940?
111
What is the remainder when 472072 is divided by 289?
135
Calculate the remainder when 18688 is divided by 19.
11
What is the remainder when 3146108 is divided by 236?
228
What is the remainder when 52540107 is divided by 126?
123
Calculate the remainder when 1861030 is divided by 42.
10
Calculate the remainder when 140375159 is divided by 113.
5
What is the remainder when 610842 is divided by 73?
51
What is the remainder when 5311331165 is divided by 542?
539
Calculate the remainder when 13047312 is divided by 474.
462
What is the remainder when 2910249 is divided by 86?
9
Calculate the remainder when 89419 is divided by 9920.
139
Calculate the remainder when 2260273546 is divided by 8047.
8045
What is the remainder when 18729807 is divided by 4658?
4647
What is the remainder when 63204782 is divided by 122?
120
What is the remainder when 475639 is divided by 473664?
1975
Calculate the remainder when 368280856 is divided by 66.
64
Calculate the remainder when 7168107 is divided by 14.
9
Calculate the remainder when 836275 is divided by 460.
455
What is the remainder when 15127824 is divided by 1178?
1126
Calculate the remainder when 1028132 is divided by 171343.
74
What is the remainder when 143955 is divided by 4624?
611
Calculate the remainder when 902741 is divided by 300860.
161
Calculate the remainder when 2792410 is divided by 1255.
35
Calculate the remainder when 49371 is divided by 23968.
1435
Calculate the remainder when 18362961 is divided by 37629.
9
Calculate the remainder when 6058344 is divided by 673.
671
What is the remainder when 142411 is divided by 10093?
1109
What is the remainder when 60976 is divided by 12178?
86
Calculate the remainder when 149818 is divided by 2581.
120
Calculate the remainder when 93148 is divided by 763.
62
What is the remainder when 753204 is divided by 14477?
400
What is the remainder when 246530 is divided by 369?
38
Calculate the remainder when 7849 is divided by 5626.
2223
What is the remainder when 22091951 is divided by 58?
41
Calculate the remainder when 788543 is divided by 1580.
123
Calculate the remainder when 18889030 is divided by 61931.
75
What is the remainder when 431268 is divided by 2485?
1363
Calculate the remainder when 1936190 is divided by 482.
478
Calculate the remainder when 114647 is divided by 22684.
1227
What is the remainder when 14925958 is divided by 56?
54
Calculate the remainder when 2694470 is divided by 897865.
875
Calculate the remainder when 30827466 is divided by 371415.
21
Calculate the remainder when 3819020 is divided by 202.
8
Calculate the remainder when 73963774 is divided by 34.
4
Calculate the remainder when 125195 is divided by 1788.
35
Calculate the remainder when 13226493 is divided by 512.
509
Calculate the remainder when 132872 is divided by 3591.
5
Calculate the remainder when 44452724 is divided by 1201424.
36
Calculate the remainder when 3661277 is divided by 14.
11
Calculate the remainder when 651643 is divided by 651331.
312
Calculate the remainder when 1792486 is divided by 477.
397
What is the remainder when 396834 is divided by 99163?
182
What is the remainder when 493931 is divided by 15861?
2240
Calculate the remainder when 47789 is divided by 209.
137
What is the remainder when 134086 is divided by 1658?
1446
Calculate the remainder when 1766896 is divided by 2940.
2896
Calculate the remainder when 226136 is divided by 10766.
50
Calculate the remainder when 1241888 is divided by 874.
808
What is the remainder when 145083813 is divided by 18?
15
Calculate the remainder when 30589 is divided by 30539.
50
What is the remainder when 35321 is divided by 34905?
416
Calculate the remainder when 401697 is divided by 111.
99
Calculate the remainder when 10506 is divided by 4317.
1872
Calculate the remainder when 3614875 is divided by 1375.
0
What is the remainder when 83076 is divided by 11098?
5390
What is the remainder when 109167 is divided by 116?
11
What is the remainder when 2052672 is divided by 966?
888
Calculate the remainder when 3537529 is divided by 18.
7
Calculate the remainder when 11767897 is divided by 41.
36
Calculate the remainder when 31025149 is divided by 3261.
3256
What is the remainder when 289865 is divided by 1169?
1122
Calculate the remainder when 6239249 is divided by 450.
449
What is the remainder when 2014017 is divided by 2915?
2667
What is the remainder when 116907754 is divided by 899?
895
What is the remainder when 9216340 is divided by 641?
42
What is the remainder when 3292257 is divided by 555?
552
What is the remainder when 10296 is divided by 3097?
1005
Calculate the remainder when 2343871 is divided by 12.
7
Calculate the remainder when 139090 is divided by 6950.
90
What is the remainder when 1015948 is divided by 325?
323
Calculate the remainder when 1087021 is divided by 181073.
583
Calculate the remainder when 4342605 is divided by 1546.
1437
Calculate the remainder when 481585 is divided by 80264.
1
Calculate the remainder when 49279 is divided by 1557.
1012
What is the remainder when 7706732 is divided by 1994?
1916
Calculate the remainder when 1346951 is divided by 2287.
2195
Calculate the remainder when 937987 is divided by 374.
369
What is the remainder when 718293 is divided by 179561?
49
Calculate the remainder when 45514 is divided by 4878.
1612
Calculate the remainder when 122052478 is divided by 10.
8
What is the remainder when 259230 is divided by 5513?
119
What is the remainder when 159734 is divided by 944?
198
Calculate the remainder when 1485375 is divided by 5735.
10
What is the remainder when 2712079 is divided by 3486?
3457
What is the remainder when 42748210 is divided by 19?
15
What is the remainder when 19693198 is divided by 94?
10
What is the remainder when 70195009 is divided by 1076?
1073
Calculate the remainder when 347589 is divided by 9448.
7461
Calculate the remainder when 1267960 is divided by 316864.
504
What is the remainder when 23071831 is divided by 461435